 divided by s.
160
Let y = -4614 + 4635. Calculate the remainder when 24 - (-1 - 0) - -1 is divided by y.
5
Let t(h) = -7*h**2 - 21*h + 88. What is the remainder when t(-3) is divided by 59?
29
Suppose -91*m - 827 + 1309 = -1975. Let f(g) = -10*g + 5. Calculate the remainder when f(-7) is divided by m.
21
Let i = 37 - -78. Let r(m) = 89*m + 565. Let c be r(-5). Suppose -14*q + 90 = -c. What is the remainder when i is divided by q?
10
What is the remainder when 15/(-30) + 1/(6/5595) is divided by 85?
82
Let w = 25 + 13. Let f = -138 - -143. Suppose 25 - 133 = -f*j - 3*b, 2*j - 2*b = 40. Calculate the remainder when w is divided by j.
17
Suppose 0 = f - 3*u - 22, 82 = 3*f - 4*u + 26. Calculate the remainder when 1662 is divided by f.
14
Suppose -7*s - 5*c = -3*s - 640, -5*s + 5*c = -845. Calculate the remainder when s is divided by 4.
1
Let k(o) = -o**3 + 10*o**2 + 4*o - 14. Let z be (35/10)/(-7)*-4. Suppose 0 = n - z - 8. Calculate the remainder when k(n) is divided by 7.
5
Let x be 8 + -3 + (-1 - 1). Let t be 2/((3 - 7) + x). What is the remainder when -3 + 0 + (-76)/t is divided by 6?
5
Let a(d) = 10 - 21 - d + 29 + 50. Calculate the remainder when 113 is divided by a(45).
21
Let t = 3648 + -3641. Calculate the remainder when 415 is divided by t.
2
Let w = -1321 + 180. Calculate the remainder when 3*w/(-42)*2 is divided by 57.
49
Suppose -379*s = -375*s - 4*q - 104, -5*q - 46 = -s. Suppose 6 = 2*r - 0*r. Suppose 0 = r*p + 6, t - 122 = -p. Calculate the remainder when t is divided by s.
19
Suppose -4*w = 15 - 43. Let o = -107 + 109. Calculate the remainder when 18 is divided by (520/182)/(o/w).
8
Let q(s) = -4*s + 89. Let d be q(17). What is the remainder when 88 is divided by -1 - 100/(-6) - 14/d?
13
Let o(c) = -c**3 - 23*c**2 - 26*c - 38. Let y be o(-22). Let x = y - -83. What is the remainder when x is divided by 23?
18
Let l(z) = 74*z + 135. Let r be l(-2). Suppose -4*h = 4*j - 120, 2*j - 5*j = h - 32. Let m = h - r. Calculate the remainder when 125 is divided by m.
41
What is the remainder when 4150 is divided by (346/8)/((-156)/364 - (-57)/84)?
171
Let q = 272 + -214. Suppose 9*s = 7*s + q. What is the remainder when 85 is divided by s?
27
Let g = -167 + 325. Let b = g - 141. What is the remainder when 49 is divided by b?
15
Let w be (-6 - (2 + -4))*(-7030)/148. Let o = 309 - w. What is the remainder when o is divided by 25?
19
Let b(o) = -3*o**2 - 5*o + 5. Let z be b(4). Let m = 134 + z. Suppose -5*t + 10 = 0, 0 = -5*n + 4*t + m + 51. Calculate the remainder when n is divided by 7.
5
Suppose -86 = -38*q + 37*q. Let z = q - 75. Suppose -3*t - 14 = -104. What is the remainder when t is divided by z?
8
Let g(v) = 11*v**2 + 30*v + 25. Calculate the remainder when g(-5) is divided by 22.
18
Let k(s) = -s**3 - 2*s**2. Let v(z) = -2*z**3 - 4*z**2 - 5*z + 5. Let x(i) = k(i) + v(i). What is the remainder when x(-3) is divided by 17?
13
Suppose 165 = -0*b + 2*b - 5*r, 130 = 2*b + 2*r. Let c = -64 + b. What is the remainder when 116 is divided by (-72)/(-16)*32/c?
20
Let d = -3475 - -3674. Calculate the remainder when d is divided by (-3 + -4 + 2)*(-10 + 0).
49
Let h(l) = -97*l - 1617. What is the remainder when 566 is divided by h(-19)?
114
Suppose -597*q = -610*q + 205491. Calculate the remainder when q is divided by 93.
90
Suppose 3*x + 148 = 7*x. Let h = x - -87. Let c(o) = -o**3 + 24*o**2 - 20*o - 48. Calculate the remainder when h is divided by c(23).
19
Let w(z) = -52*z - 4087. What is the remainder when (76/10)/(3/15) is divided by w(-79)?
17
Let s be (-2 - -1)*(4 + -9 - -5). Suppose 4*t - 19 + 63 = s. Let z(f) = -f**3 - 12*f**2 - 12*f + 7. Calculate the remainder when 34 is divided by z(t).
16
Let h(b) = 2*b**3 - 4*b**2 + 19*b - 50. Let x be h(3). Suppose -6*c + x = -95. What is the remainder when c is divided by 12?
8
Suppose -3*s = -8*s + 3*a - 974, 3*s + 4*a + 596 = 0. Let o = -137 - s. Suppose 5*q = 101 + o. What is the remainder when q is divided by 7?
4
Suppose d - 2*h = -5, -4*h = -3*d + 5*d + 34. Let n(i) = -27*i - 282. Calculate the remainder when 113 is divided by n(d).
8
Let s be (-1)/(1/((-12)/4)). Suppose -s*t = 5*r + 4, -2*r + 0*r + 8 = -2*t. Suppose -77 = -4*w - r. Calculate the remainder when 56 is divided by w.
18
Calculate the remainder when (-3 + 9/6)/(3/73224*-4) is divided by 21.
18
Suppose 0 = -10*x + 1571 - 671. What is the remainder when 450 is divided by x?
0
Let g be (32/72*-3)/(8/(-18)). Suppose g*i + 9 = -4*u, 7*u - 2*u - i - 3 = 0. Suppose 6*s - 58 - 98 = u. What is the remainder when s is divided by 6?
2
Suppose -70*f - 239*f = -171186. Calculate the remainder when 1108 is divided by f.
0
Let k(v) = v**3 - 4*v + 8. Let b be k(4). Suppose m = 26 + b. Suppose 4*f - 214 + m = 0. Calculate the remainder when f is divided by 6.
3
Suppose 0 = 2*v - 0 - 4. Let w(k) = 3*k**2 + 1436 + 4*k**2 + 1433 - k - 2873. Calculate the remainder when 107 is divided by w(v).
19
Let q = -721 - -820. What is the remainder when q is divided by (28 + -3)*1 - 0?
24
Suppose d - 4*r = 19 + 173, -5*d = r - 876. Calculate the remainder when 368 is divided by d.
16
Let k = -3698 + 3802. What is the remainder when k is divided by 88?
16
Calculate the remainder when 128 is divided by (-1)/((-1210)/150 + 8).
8
Suppose 6*d - 11*d = 4*p - 124, -3*p + 3*d = -120. Let x = -34 + 170. What is the remainder when x is divided by p?
28
Suppose a + 27*t - 3962 = 21*t, -a - 5*t + 3962 = 0. Calculate the remainder when a is divided by 1319.
5
Let z(p) = 112*p**2 - 33*p + 32. Let v(b) = 19*b - 151. Let i be v(8). What is the remainder when z(i) is divided by 43?
25
Let n(s) be the first derivative of 1/3*s**3 - 1/2*s**2 + 7*s + 22. Calculate the remainder when n(0) is divided by 4.
3
Suppose -128 + 32 = 24*q. Calculate the remainder when (-2)/q*-1*620/(-31) is divided by 6.
4
Suppose -87*v = -12*v - 17283 - 1317. What is the remainder when v is divided by 34?
10
Let c be 4/(-6) + (-1 - (-147)/(-9)). What is the remainder when 429 is divided by 12/c + (130/6 - 3)?
15
Suppose m - 4*g = -3, 0*m - 4*m = -3*g - 27. Let r = 623 - 572. Suppose -r + m = -i. Calculate the remainder when i is divided by 9.
6
Suppose -5 = -n - 4*i + 6, 0 = -4*n + 5*i + 65. Calculate the remainder when (28/91)/(23/12259) is divided by n.
14
Let m(c) = -3*c + 5*c + 10 - 7 + c. Calculate the remainder when ((-15)/(-20))/(1/76) is divided by m(9).
27
Suppose 32*a - 2660 - 3636 - 5544 = 0. What is the remainder when a is divided by 27?
19
Suppose 0*f + 288 = 12*f. Suppose 506*c - 508*c = -f. What is the remainder when 53 is divided by c?
5
Let k = 21 + -18. Suppose 5*t + 14 = -3*a, 5*t + 28 = 4*a - 0*a. Suppose 90 = 10*d - 7*d + z, -149 = -5*d - a*z. Calculate the remainder when d is divided by k.
1
Let x be (2 + 14/(-5))*45/(-2). Suppose -39 + x = -7*d. Suppose 4*m + 3*c - 71 = 0, 3*m - d*c - 46 = 2*c. Calculate the remainder when m is divided by 11.
6
Suppose 4*o - o = 357. What is the remainder when o is divided by 6706/168 - (-8)/96?
39
Suppose 4*r - 2*x + 5*x = 678, -10 = -5*x. Let m = 287 - r. Suppose 87*o - 59 = 86*o - 3*h, 3*o - 153 = -5*h. Calculate the remainder when m is divided by o.
37
Let m = 13655 - 13634. What is the remainder when 554 is divided by m?
8
What is the remainder when (-1 - 10) + 1792 + -77 is divided by 55?
54
Suppose n - q = 4*n - 252, 0 = -n + 3*q + 74. Suppose 5*k - 47 = -3*j + n, 4*j + 20 = 0. Calculate the remainder when -1*2 - (-234)/2 is divided by k.
28
Let c be (-20216)/24 + (-8 + 5)/(-9). Let g = c - -1181. Calculate the remainder when g is divided by 68.
67
Let c(k) = 11*k + 559. What is the remainder when c(-44) is divided by (-121)/(-7) + 2/(-7)?
7
Suppose 2*d + 2*d = 20. Suppose d*j - 91 = 84. What is the remainder when j is divided by (-6)/63 + ((-2192)/(-84) - 8)?
17
Let b(t) = -t**2 + 49*t + 236. Calculate the remainder when 2639 is divided by b(52).
79
Let c = -538 + 724. Let o = -1003 + 1030. What is the remainder when c is divided by o?
24
Suppose -319 + 277 - 588 = -18*x. Suppose 44 = -5*d + 459. Calculate the remainder when d is divided by x.
13
Let c = -64145 - -64992. Suppose 8 = 4*r + 24, -65 = -5*y - 5*r. Calculate the remainder when c is divided by y.
14
Let z = -29672 + 29678. Suppose 60 = 2*t - 58. What is the remainder when 